e number?
False
Is 383587 composite?
False
Is 52493017 composite?
False
Is 170993 a prime number?
False
Is 306746617 a composite number?
False
Is 26276801 a prime number?
True
Is 60616217 a prime number?
True
Is 141458561 a composite number?
False
Is 18738581 a composite number?
False
Is 313081 prime?
True
Is 739909 a composite number?
False
Is 1413137 prime?
False
Is 25966351 a composite number?
True
Is 152110139 a prime number?
False
Is 1313237 a composite number?
False
Is 8788891 a prime number?
True
Is 2158333 a composite number?
False
Is 517003 composite?
False
Is 1101661 prime?
False
Is 259156949 a composite number?
False
Is 2059037 a composite number?
True
Is 17281357 prime?
True
Is 11743181 composite?
False
Is 14422181 prime?
True
Is 92273551 prime?
False
Is 1652459 composite?
False
Is 133397961 composite?
True
Is 4855139 a prime number?
False
Is 370826279 a prime number?
False
Is 124272487 composite?
True
Is 235646699 prime?
False
Is 1415567 prime?
True
Is 95930147 composite?
True
Is 148423771 a prime number?
True
Is 12523047 prime?
False
Is 2046557 prime?
False
Is 47390359 prime?
False
Is 67800631 prime?
True
Is 848456941 a prime number?
False
Is 11135513 composite?
True
Is 1422277 a prime number?
True
Is 28397431 a composite number?
True
Is 42819241 a composite number?
True
Is 219421 composite?
True
Is 6477019 composite?
False
Is 2103713 a prime number?
True
Is 1746629 a prime number?
True
Is 22477861 a composite number?
True
Is 7370851 a prime number?
False
Is 10276453 a composite number?
True
Is 21385387 prime?
True
Is 103739045 a composite number?
True
Is 2710853 a prime number?
False
Is 9281477 a composite number?
False
Is 2027897 prime?
True
Is 1916679 composite?
True
Is 2949058529 composite?
False
Is 111041591 a composite number?
False
Is 136858271 a prime number?
False
Is 56574047 a prime number?
True
Is 18511607 prime?
True
Is 8676883 a composite number?
False
Is 309582521 composite?
False
Is 467099029 composite?
False
Is 1952887 a composite number?
False
Is 790567 composite?
False
Is 104044901 a prime number?
True
Is 8680669 prime?
True
Is 985199 a prime number?
False
Is 8103754 prime?
False
Is 99122423 a prime number?
True
Is 1483979 composite?
True
Is 24756833 a prime number?
False
Is 3458597 composite?
False
Is 656693 a composite number?
True
Is 1605551 composite?
False
Is 528231467 a composite number?
False
Is 5559847 a composite number?
False
Is 430688107 prime?
True
Is 8950573 a composite number?
True
Is 56188631 composite?
True
Is 341292379 a prime number?
False
Is 75702053 a prime number?
False
Is 37825287 a prime number?
False
Is 7192351 a prime number?
False
Is 9887203 composite?
True
Is 24207353 a composite number?
False
Is 201262141 a prime number?
True
Is 32769907 a composite number?
False
Is 75017203 a prime number?
True
Is 279060893 a composite number?
False
Is 67879823 prime?
False
Is 306227963 composite?
False
Is 206600959 a composite number?
True
Is 2673409 prime?
False
Is 5313731 composite?
False
Is 152594071 a prime number?
False
Is 332788633 prime?
False
Is 11891357 prime?
True
Is 8182997 a prime number?
False
Is 13364693 prime?
True
Is 2121305 composite?
True
Is 421563 composite?
True
Is 53739989 composite?
False
Is 173617 a prime number?
True
Is 584527 a composite number?
True
Is 6986033 composite?
True
Is 181572929 prime?
True
Is 377775007 a composite number?
True
Is 13181569 prime?
True
Is 14938871 a prime number?
False
Is 2538754 a composite number?
True
Is 64112377 a prime number?
False
Is 85677437 prime?
False
Is 16252027 a prime number?
False
Is 8677379 a composite number?
True
Is 323784973 composite?
False
Is 100010717 a composite number?
False
Is 535229003 a prime number?
False
Is 1000619 prime?
True
Is 1507183 composite?
False
Is 11029735 a composite number?
True
Is 101346539 prime?
False
Is 237836981 a prime number?
True
Is 11820407 composite?
False
Is 334399427 a prime number?
False
Is 1034707 a prime number?
True
Is 13608593 prime?
True
Is 225125818 a prime number?
False
Is 48395967 composite?
True
Is 55292669 a prime number?
False
Is 16703083 a prime number?
False
Is 44764099 composite?
False
Is 8199017 composite?
True
Is 3243467 a composite number?
False
Is 2816095 a composite number?
True
Is 1338923 a composite number?
False
Is 6270289 prime?
True
Is 80043097 a composite number?
False
Is 124980109 a prime number?
False
Is 255368059 a composite number?
False
Is 6200443 a prime number?
True
Is 81128739 composite?
True
Is 10402531 a composite number?
True
Is 13839337 a prime number?
False
Is 29020193 a prime number?
True
Is 14706771 a prime number?
False
Is 551037187 a composite number?
True
Is 347050013 a prime number?
False
Is 4184879 a prime number?
False
Is 3882733 composite?
False
Is 2183459 prime?
False
Is 12777613 prime?
True
Is 18566683 prime?
True
Is 51484027 prime?
False
Is 5663689 a composite number?
False
Is 7064329 a prime number?
True
Is 27146137 a prime number?
True
Is 72043 a prime number?
True
Is 18096899 composite?
True
Is 303099239 prime?
False
Is 22265519 prime?
True
Is 3367103 a composite number?
True
Is 10078357 composite?
True
Is 28432853 composite?
True
Is 50577923 prime?
False
Is 3211709 prime?
False
Is 3195587 prime?
False
Is 140983 a prime number?
True
Is 1977913 a composite number?
True
Is 109464271 a prime number?
False
Is 310403293 a prime number?
True
Is 45053 prime?
True
Is 237372593 prime?
True
Is 646658117 prime?
False
Is 27289711 a composite number?
False
Is 490967 composite?
False
Is 1617391 composite?
False
Is 23726 a composite number?
True
Is 32328971 a prime number?
True
Is 5365223 a composite number?
False
Is 7793351 prime?
True
Is 3642227 a prime number?
True
Is 833171 a composite number?
False
Is 1835353 a prime number?
False
Is 142204057 a composite number?
False
Is 50237417 a composite number?
False
Is 5014691 composite?
True
Is 30352183 a prime number?
False
Is 39188081 prime?
False
Is 4959509 composite?
True
Is 6257045 a composite number?
True
Is 6978623 composite?
True
Is 17126209 a composite number?
True
Is 2733361 composite?
False
Is 34016069 a prime number?
False
Is 44282261 composite?
True
Is 85464107 prime?
True
Is 154076281 a composite number?
True
Is 90735907 prime?
False
Is 46276313 composite?
False
Is 11133377 composite?
False
Is 27232559 a composite number?
False
Is 14992697 a prime number?
True
Is 2163899 prime?
False
Is 485912281 a prime number?
True
Is 2402489 a prime number?
False
Is 10973251 a composite number?
False
Is 26840447 prime?
False
Is 102884021 a composite number?
True
Is 49366441 composite?
True
Is 199924271 composite?
True
Is 2657717 a prime number?
False
Is 123902747 composite?
True
Is 28133023 a prime number?
True
Is 665419 prime?
True
Is 12809609 composite?
False
Is 1167006229 composite?
True
Is 87207847 prime?
False
Is 17065537 a prime number?
False
Is 253449043 composite?
False
Is 193832279 prime?
True
Is 39667139 a composite number?
False
Is 14659927 prime?
True
Is 9605311 a prime number?
False
Is 1739737 a prime number?
False
Is 55614617 composite?
True
Is 104826245 a composite number?
True
Is 2593839 prime?
False
Is 25788499 a prime number?
False
Is 8672239 a prime number?
True
Is 36935021 prime?
True
Is 4991893 a composite number?
False
Is 2509445 a prime number?
False
Is 9764197 prime?
True
Is 3294977 composite?
True
Is 91083191 prime?
True
Is 49103 a composite number?
False
Is 42360359 composite?
False
Is 84606911 a composite number?
True
Is 819119 prime?
False
Is 3092449 a prime number?
False
Is 154818511 prime?
False
Is 14879731 a prime number?
True
Is 46718807 prime?
True
Is 12584659 prime?
True
Is 5542253 a prime number?
False
Is 5541973 prime?
True
Is 10212691 composite?
False
Is 42496613 a composite number?
True
Is 154975371 a prime number?
False
Is 924287309 a composite number?
True
Is 15599107 prime?
False
Is 916958521 prime?
False
Is 336483289 prime?
False
Is 3243763 composite?
False
Is 98717413 composite?
True
Is 2395241 composite?
False
Is 138194023 a prime number?
False
Is 192733 composite?
True
Is 26655107 a prime number?
True
Is 54890391 a composite number?
True
Is 33005333 prime?
True
Is 99128885 prime?
False
Is 53219477 a composite number?
True
Is 98724617 composite?
False
Is 346577653